) = -223*y**2 - 4*y + 10. Let i(o) = -o**2 + o - 2. Let r(j) = -b(j) - 2*i(j). Is r(5) a composite number?
True
Let x(v) = -4*v**3 + 8*v**2 - 5*v - 5. Let m(a) = a**2 + 7*a. Let s be m(-6). Is x(s) a composite number?
True
Suppose -28330271 = -7993*k + 7956*k. Is k composite?
True
Let t(h) = 12443*h**2 + h. Let u be t(1). Suppose -11240 = -2*z - 3*x, 2*z + 1188 - u = 5*x. Is z prime?
True
Suppose 11294 = -82*k + 200550. Suppose 0 = -3*o + 4*a - 773, -4*o + 3*o = 5*a + 245. Let p = o + k. Is p a prime number?
True
Let m = 438726 + -295003. Is m composite?
True
Let i(u) be the second derivative of -77*u**3/2 + 3*u**2 + 5*u. Is i(-1) a prime number?
False
Suppose -164948 - 63933 = -4*i + 3*z, -2*z = -3*i + 171661. Is i a composite number?
False
Suppose 114*f - 12507738 = 44*f - 44*f. Is f a composite number?
False
Suppose 3*f + f = 0. Suppose f = -8*q + 14*q - 18. Suppose -748 = -q*z - z. Is z a composite number?
True
Suppose 5*s - 3531403 = -2*g, 0 = 90*s - 86*s - 3*g - 2825150. Is s prime?
True
Let o(y) = -4*y**2 + 6*y + 15. Let t be o(3). Is 28138/11 + 8 + t a prime number?
False
Let t = 193 - 109. Let p = t + -209. Let s = p - -240. Is s prime?
False
Let t = 13958 + -5608. Suppose 8*j + 2*j = t. Is j a composite number?
True
Let b be 3 + -3 - (1 + (-2 - -73)). Let a = b + 68. Is (-22)/a*(6/(-3) + 64) composite?
True
Let z(j) = j**2 - 59. Let l be z(8). Suppose l*b + 2*u - 24760 = -5467, 5*u = -b + 3854. Is b a composite number?
True
Let k be 1236/(-84)*-1 - 2/(-7). Let o(p) = p**3 - 11*p**2 - 12*p - 11. Let a be o(14). Suppose -k*g + 16*g = a. Is g a prime number?
True
Suppose -4*d - 16 = 0, 3*y - 3*d = -4*d + 334349. Is y composite?
True
Let v(q) = 2*q**3 - 6*q**2 - 434*q - 89. Is v(40) prime?
False
Let h be (-111)/(-3) + -7 + 4. Let a = h + -22. Suppose 0 = a*x - 1361 - 859. Is x composite?
True
Let m = 19706 - 14593. Is m a prime number?
True
Let z be 2 + (-3 - -3) + 1 + 0. Let b = 192 + -530. Is 57/(-38)*b/z composite?
True
Suppose -15 = 5*y + 5*x, 2*y + 4*x - 2 + 12 = 0. Let k be 1 - -2 - (8 + y). Is 467*(-4 - k - -1) composite?
False
Is ((-4)/10)/((-22)/170995) composite?
False
Suppose -12*l - 34 = 26. Let c(k) = 2*k**3 + 10*k**2 - 4*k - 5. Let u be c(l). Suppose u*p + 80700 = 215415. Is p prime?
False
Let g(t) be the first derivative of -147*t**2 - 5*t - 4. Let k be g(-3). Suppose -4*x - k = -5889. Is x a composite number?
True
Suppose 13*o = -10*o + 69. Let u = 19451 + -9576. Suppose o*y - 6742 = -2*z, -u = -2*z + 5*y - 3165. Is z composite?
True
Suppose -352063 = -11*j + 308014. Is j a prime number?
False
Let m(p) = -p**2 + p. Let t be m(0). Suppose t = 80*o - 78*o - 2. Is o/5 - 30288/(-60) prime?
False
Let k(m) = 110*m + 12. Suppose -d = -2*x + 10, 0*x = 4*x + d - 14. Let r be k(x). Suppose -2*c - 3*q = -4*c + 295, 3*c + 5*q - r = 0. Is c a composite number?
False
Let q be (-16)/(-64) - (-6)/8. Let o be (-4 + -1 + 1652)*q. Suppose 5*d + 377 - o = 0. Is d composite?
True
Let h(m) = -m**3 - 25*m**2 + 8*m - 68. Let f be h(-32). Let u = -2585 + f. Is u prime?
True
Suppose -15*z = -21*z + 1062. Let c be z/(-2)*24/(-9). Suppose -c - 631 = -3*t. Is t composite?
True
Is (-18 + 31 + -10)*(-1838228)/(-12) a prime number?
False
Let k = -6 - -19. Let s(o) = 5*o - 17 - k*o**3 + 6*o**3 + 8*o**3 - 10*o**2. Is s(12) a composite number?
False
Let p(y) be the third derivative of y**5/15 - 41*y**4/24 + 61*y**3/6 - 105*y**2. Is p(15) prime?
False
Let b = 923956 - 532853. Is b composite?
False
Suppose 2*x + 8726 = -3750. Is 7/(x/(-3118) + -2) a prime number?
False
Let l(f) = 27359*f**3 - 15*f**2 + 16*f + 1. Is l(1) composite?
False
Suppose -2*n = -3*n + 5*b + 44845, -134469 = -3*n + 4*b. Is n a composite number?
True
Let t(y) = -14*y - 80. Let q be t(-7). Suppose -q*h - 4*h = -236258. Is h composite?
False
Let z(y) = -y + 4. Let n be z(5). Let x be 20 + -18 - (-2 + n). Suppose -x*t - 3975 = -5*l + 3750, -7719 = -5*l + 2*t. Is l prime?
True
Let q be (-1 + (-1 - -1))*-21. Suppose 2*w = 5*w + 3*k + q, 4*k = w - 8. Is w*4/((-80)/12185) prime?
True
Suppose -1641712 = -169*c + 153*c. Is c a prime number?
True
Let b be (-80)/(-30)*(-6)/(-4). Suppose -b*c + 306 = -674. Suppose -c = -f + 888. Is f a prime number?
False
Let v(a) = -a**3 + 7*a**2 - 6*a + 3. Let z be v(2). Suppose -4*j = b - 19, -5*b + 22 = -3*b + 4*j. Suppose 2*n = b*i - 13097, 3*n - 4 = z. Is i prime?
False
Suppose -2915 + 42066 = -4*m + o, 0 = 5*m - 3*o + 48937. Let t = m + 17546. Suppose -2*g + 2*j = -t, g - 7754 = -g + 4*j. Is g a prime number?
True
Let z = 449 - 449. Suppose 90760 = -g + 5*g + 4*u, z = -g - 5*u + 22686. Is g a prime number?
True
Let k(z) = 166 + 3427*z + 170 - 330. Is k(1) a prime number?
True
Let y(f) = -6*f**2 + 164*f - 20. Let a be y(9). Let q = 465 - -96. Let x = a - q. Is x prime?
True
Is (-3 + 4199)/((-408)/(-47022)) composite?
True
Suppose f = 2, -4*y + 12 = 4*f - 2*f. Suppose v - 36 = -y*v. Suppose -9*w - 5121 = -v*w. Is w prime?
False
Let u(z) = 2*z**2 + 8*z - 10. Let c be u(-7). Suppose 57367 + 44937 = c*y. Is y composite?
True
Suppose 14*p + 334807 = 25*p. Suppose 9*m + 2*m = p. Is m composite?
False
Let h = -19 - -40. Let k(y) = 165*y - 57. Let s be k(h). Suppose 2*u = -534 + s. Is u prime?
False
Let g be ((-665)/(-14))/((-2)/12). Let d = g - -398. Is d a prime number?
True
Suppose 5*b = -8*y + 4*y + 170235, -b = -3*y - 34066. Is b a prime number?
False
Suppose 805*k = -2*f + 800*k + 780458, f + k = 390217. Is f composite?
False
Suppose 6524 + 14283 = 46*c - 45*c. Is c composite?
False
Is 205/(-451) - 16110510/(-165) prime?
False
Let g(x) = x**3 + 8*x**2 - 9*x - 6. Suppose -w + 9 = -f, w + w = 0. Let h be g(f). Is (5 - (-292)/6)/((-2)/h) a prime number?
False
Let y(j) = 43775*j + 714*j**2 - 43778*j + 81 - 70*j**2. Is y(10) a composite number?
False
Let i be 1931 + (0 - (11 + -5)). Suppose 5*r - l = -5102, 2*l + 2036 = -2*r - 0*l. Let p = i + r. Is p prime?
False
Suppose 4*n - 36 = -16. Let d be (84/n)/(-3 + 2613/870). Suppose -3*z = u - 2443, u + u - d = z. Is u prime?
True
Let i = 116319 - -45446. Is i a prime number?
False
Let g = -75 + 62. Let h(n) = -n**3 - 11*n**2 + n + 57. Is h(g) prime?
False
Suppose 0*o - 3*o = t - 8206, -41078 = -5*t + o. Suppose 4*a - t = 2781. Is a prime?
True
Let r = -16228 - -101559. Is r composite?
False
Suppose -3*l - o + 1169326 = -164983, 5*o = 2*l - 889494. Is l a prime number?
True
Is 54/(-36) + 19607/14 a composite number?
False
Let o = -130049 + 191911. Is o composite?
True
Let y(z) = z**2 - 4*z + 2. Let u be 19/6 + 3 + 19/(-6). Let n be y(u). Is (-14 + -419)/(n/2) composite?
True
Suppose 45*s - 385505 = 7136200. Is s composite?
False
Let x be ((2 - 5) + -183)/((-42)/(-364)). Let f = 5349 + x. Is f a prime number?
False
Suppose r - 5*y = 2*r + 21, -28 = -2*r + 4*y. Let w be -6*(-2 - 3*2/r). Is 7/w + 26070/9 composite?
False
Suppose -4*o = -2*r - 137130, -5*r = 4*o - 0*o - 137165. Is o a composite number?
True
Let u(k) = -k**2 + 398. Let j be u(0). Let d be 4/14 - 23615/(-35). Let s = d - j. Is s a composite number?
False
Suppose m - 5*z = -2*m - 14, 3*z = -m. Let l(p) = 381*p + 26. Let x(q) = -190*q - 13. Let s(v) = m*l(v) - 7*x(v). Is s(8) prime?
False
Suppose 4*k = 2*o + 118, 3*k - 2*o - 86 - 2 = 0. Suppose -8346 = k*g - 27216. Is g prime?
False
Suppose 5*m = -0*s - s - 70, 5*s - 5*m + 200 = 0. Let u = s + 3. Is (4226/(-4) - -1)/(21/u) composite?
False
Let r = -561 - -2320. Suppose 5*v = -5*s + 3915, -2*v + 2*s + r - 213 = 0. Is v composite?
True
Let o be 13*(-1)/(-4) - 8/32. Suppose -3*a - o*c = -54, 56 = 3*a - 3*c + 5*c. Is (-5918)/1*(-3 + a/8) prime?
False
Let v(s) = 38*s**3 - 8*s**2 + 35*s + 49. Is v(12) composite?
True
Suppose 2*y - 2017473 = -124*n + 121*n, -2*n + 1344971 = 5*y. Is n prime?
True
Suppose -8*t = -220611 + 25051. Is t composite?
True
Let a = 1190 + -649. Let i = 934 - a. Is i composite?
True
Let p(h) = 66*h**2 + 106*h - 355. Is p(-34) composite?
False
Let r(c) = -99*c**3 + 7*c + 241. Is r(-12) composite?
True
Let v(u) = -u**3 - 8*u**2 + 20*u - 24. Let q be v(-10). Let t(o) = 17*o + 11 + 19 + 14*o - 1 + 2*o**2. Is t(q) a composite number?
True
Suppose -2*o + 36 + 8 = -2*q, -5*q + 4*o - 108 = 0. Let u be ((-25)/q)/((-2)/1072). Let c = u + 1023. Is c prime?
True
Let b = 94 - 97. Let t be (5*(-8)/(-20) +